{"id":6,"date":"2022-02-20T23:45:17","date_gmt":"2022-02-20T22:45:17","guid":{"rendered":"https:\/\/eurofrc.eu\/?page_id=6"},"modified":"2025-06-15T19:13:37","modified_gmt":"2025-06-15T17:13:37","slug":"about","status":"publish","type":"page","link":"http:\/\/eurofrc.eu\/","title":{"rendered":"O nas"},"content":{"rendered":"<p data-start=\"290\" data-end=\"557\"><strong data-start=\"290\" data-end=\"341\">Europejska Fundacja Rozwoju Cz\u0142owieka (EuroFRC)<\/strong> to organizacja pozarz\u0105dowa z siedzib\u0105 w \u0141odzi, dzia\u0142aj\u0105ca lokalnie i mi\u0119dzynarodowo. Wspieramy rozw\u00f3j osobisty i spo\u0142eczny m\u0142odzie\u017cy oraz doros\u0142ych, tworz\u0105c edukacyjne, kulturowe i spo\u0142eczne przestrzenie wsp\u00f3\u0142pracy.<\/p>\n<p data-start=\"559\" data-end=\"797\">Nasz\u0105 misj\u0105 jest wzmacnianie ludzi i spo\u0142eczno\u015bci \u2013 poprzez edukacj\u0119 pozaformaln\u0105, mobilno\u015b\u0107 mi\u0119dzynarodow\u0105, partnerstwa mi\u0119dzysektorowe oraz podej\u015bcie holistyczne. Skupiamy si\u0119 na kszta\u0142towaniu postaw otwarto\u015bci, aktywno\u015bci i tolerancji.<\/p>\n<p data-start=\"799\" data-end=\"1090\">Organizujemy szkolenia, warsztaty, kursy, projekty wymiany, platformy edukacyjne i dzia\u0142ania badawcze. Projektujemy programy rozwoju osobistego i zawodowego dostosowane do realnych potrzeb uczestnik\u00f3w. Wsp\u00f3\u0142pracujemy z organizacjami z ca\u0142ej Europy oraz ze spo\u0142eczno\u015bciami lokalnymi w Polsce.<\/p>\n<p data-start=\"1092\" data-end=\"1276\">Nasze dzia\u0142ania realizuje zesp\u00f3\u0142 trener\u00f3w, edukator\u00f3w i koordynator\u00f3w projekt\u00f3w, pracuj\u0105cy z zaanga\u017cowaniem i pasj\u0105. Wszystko to w duchu naszej dewizy: <strong data-start=\"1244\" data-end=\"1275\">\u201eludzie pomagaj\u0105cy ludziom\u201d<\/strong>.<\/p>\n","protected":false},"excerpt":{"rendered":"<p>Europejska Fundacja Rozwoju Cz\u0142owieka (EuroFRC) to organizacja pozarz\u0105dowa z siedzib\u0105 w \u0141odzi, dzia\u0142aj\u0105ca lokalnie i mi\u0119dzynarodowo. Wspieramy rozw\u00f3j osobisty i spo\u0142eczny m\u0142odzie\u017cy oraz doros\u0142ych, tworz\u0105c edukacyjne, kulturowe i spo\u0142eczne przestrzenie wsp\u00f3\u0142pracy. Nasz\u0105 misj\u0105 jest wzmacnianie ludzi i spo\u0142eczno\u015bci \u2013 poprzez &hellip; <\/p>\n<div class=\"read-more\"><a href=\"http:\/\/eurofrc.eu\/\" class=\"more-link\">Read More<\/a><\/div>\n","protected":false},"author":1,"featured_media":0,"parent":0,"menu_order":0,"comment_status":"closed","ping_status":"closed","template":"","meta":{"footnotes":""},"class_list":["post-6","page","type-page","status-publish","hentry","entry"],"_links":{"self":[{"href":"https:\/\/eurofrc.eu\/index.php\/wp-json\/wp\/v2\/pages\/6","targetHints":{"allow":["GET"]}}],"collection":[{"href":"https:\/\/eurofrc.eu\/index.php\/wp-json\/wp\/v2\/pages"}],"about":[{"href":"https:\/\/eurofrc.eu\/index.php\/wp-json\/wp\/v2\/types\/page"}],"author":[{"embeddable":true,"href":"https:\/\/eurofrc.eu\/index.php\/wp-json\/wp\/v2\/users\/1"}],"replies":[{"embeddable":true,"href":"https:\/\/eurofrc.eu\/index.php\/wp-json\/wp\/v2\/comments?post=6"}],"version-history":[{"count":5,"href":"https:\/\/eurofrc.eu\/index.php\/wp-json\/wp\/v2\/pages\/6\/revisions"}],"predecessor-version":[{"id":70,"href":"https:\/\/eurofrc.eu\/index.php\/wp-json\/wp\/v2\/pages\/6\/revisions\/70"}],"wp:attachment":[{"href":"https:\/\/eurofrc.eu\/index.php\/wp-json\/wp\/v2\/media?parent=6"}],"curies":[{"name":"wp","href":"https:\/\/api.w.org\/{rel}","templated":true}]}}